the thousands digit of 1551?
1
What is the thousands digit of 1413?
1
What is the tens digit of 835?
3
What is the hundreds digit of 484?
4
What is the hundreds digit of 40811?
8
What is the tens digit of 989?
8
What is the units digit of 2164?
4
What is the hundreds digit of 92280?
2
What is the units digit of 208?
8
What is the tens digit of 891?
9
What is the tens digit of 2576?
7
What is the tens digit of 42175?
7
What is the tens digit of 229?
2
What is the hundreds digit of 9453?
4
What is the ten thousands digit of 45024?
4
What is the units digit of 35445?
5
What is the ten thousands digit of 15518?
1
What is the tens digit of 3336?
3
What is the thousands digit of 7903?
7
What is the thousands digit of 19899?
9
What is the tens digit of 1589?
8
What is the tens digit of 7767?
6
What is the hundreds digit of 5646?
6
What is the thousands digit of 7572?
7
What is the hundreds digit of 1184?
1
What is the tens digit of 177371?
7
What is the tens digit of 3688?
8
What is the tens digit of 35805?
0
What is the hundreds digit of 5672?
6
What is the tens digit of 81?
8
What is the ten thousands digit of 44091?
4
What is the tens digit of 317?
1
What is the hundreds digit of 7233?
2
What is the ten thousands digit of 127773?
2
What is the tens digit of 5613?
1
What is the units digit of 10261?
1
What is the thousands digit of 3752?
3
What is the thousands digit of 15160?
5
What is the tens digit of 517?
1
What is the hundreds digit of 6518?
5
What is the hundreds digit of 13121?
1
What is the tens digit of 747?
4
What is the hundreds digit of 3742?
7
What is the tens digit of 474?
7
What is the units digit of 1696?
6
What is the hundreds digit of 18269?
2
What is the units digit of 327?
7
What is the tens digit of 14101?
0
What is the hundreds digit of 2054?
0
What is the tens digit of 6397?
9
What is the hundreds digit of 257?
2
What is the tens digit of 2975?
7
What is the units digit of 933?
3
What is the tens digit of 9148?
4
What is the tens digit of 4205?
0
What is the tens digit of 11680?
8
What is the tens digit of 70540?
4
What is the units digit of 7991?
1
What is the thousands digit of 2662?
2
What is the thousands digit of 2437?
2
What is the thousands digit of 5495?
5
What is the hundreds digit of 457?
4
What is the hundreds digit of 20287?
2
What is the tens digit of 2394?
9
What is the hundreds digit of 76536?
5
What is the units digit of 2980?
0
What is the thousands digit of 1939?
1
What is the tens digit of 24072?
7
What is the ten thousands digit of 15525?
1
What is the hundreds digit of 62558?
5
What is the hundreds digit of 6925?
9
What is the tens digit of 28100?
0
What is the units digit of 175?
5
What is the hundreds digit of 390?
3
What is the thousands digit of 36717?
6
What is the thousands digit of 6704?
6
What is the units digit of 4484?
4
What is the tens digit of 11?
1
What is the tens digit of 3458?
5
What is the hundreds digit of 63670?
6
What is the hundreds digit of 956?
9
What is the hundreds digit of 793?
7
What is the units digit of 906?
6
What is the tens digit of 131899?
9
What is the units digit of 9598?
8
What is the tens digit of 1505?
0
What is the hundreds digit of 703?
7
What is the tens digit of 1004?
0
What is the hundreds digit of 1037?
0
What is the thousands digit of 36724?
6
What is the tens digit of 7169?
6
What is the tens digit of 117935?
3
What is the thousands digit of 4052?
4
What is the hundreds digit of 12056?
0
What is the hundreds digit of 796?
7
What is the units digit of 850?
0
What is the units digit of 7614?
4
What is the ten thousands digit of 39291?
3
What is the tens digit of 1518?
1
What is the units digit of 1474?
4
What is the hundreds digit of 104447?
4
What is the hundreds digit of 3741?
7
What is the units digit of 964?
4
What is the thousands digit of 6336?
6
What is the tens digit of 25796?
9
What is the hundreds digit of 3168?
1
What is the hundreds digit of 6822?
8
What is the tens digit of 982?
8
What is the tens digit of 12250?
5
What is the units digit of 22?
2
What is the units digit of 4176?
6
What is the hundreds digit of 648?
6
What is the tens digit of 998?
9
What is the tens digit of 326?
2
What is the thousands digit of 2389?
2
What is the thousands digit of 19169?
9
What is the units digit of 2238?
8
What is the hundreds digit of 7062?
0
What is the hundreds digit of 7495?
4
What is the tens digit of 4794?
9
What is the hundreds digit of 15265?
2
What is the units digit of 8618?
8
What is the units digit of 83504?
4
What is the ten thousands digit of 16342?
1
What is the hundreds digit of 3170?
1
What is the thousands digit of 7110?
7
What is the units digit of 5291?
1
What is the hundreds digit of 46627?
6
What is the units digit of 418?
8
What is the tens digit of 97?
9
What is the tens digit of 41197?
9
What is the units digit of 982?
2
What is the ten thousands digit of 21717?
2
What is the tens digit of 2309?
0
What is the thousands digit of 1098?
1
What is the tens digit of 2145?
4
What is the units digit of 11981?
1
What is the units digit of 45972?
2
What is the ten thousands digit of 11824?
1
What is the thousands digit of 105790?
5
What is the hundreds digit of 30787?
7
What is the hundreds digit of 4865?
8
What is the thousands digit of 8578?
8
What is the units digit of 6043?
3
What is the tens digit of 30721?
2
What is the units digit of 1282?
2
What is the units digit of 54805?
5
What is the hundreds digit of 14477?
4
What is the thousands digit of 3583?
3
What is the ten thousands digit of 39538?
3
What is the units digit of 1851?
1
What is the thousands digit of 7107?
7
What is the units digit of 616?
6
What is the hundreds digit of 461?
4
What is the tens digit of 87690?
9
What is the hundreds digit of 982?
9
What is the thousands digit of 26627?
6
What is the units digit of 54?
4
What is the tens digit of 3547?
4
What is the hundreds digit of 775?
7
What is the tens digit of 925?
2
What is the ten thousands digit of 51865?
5
What is the hundreds digit of 22725?
7
What is the hundreds digit of 18958?
9
What is the units digit of 4401?
1
What is the ten thousands digit of 38170?
3
What is the units digit of 1067?
7
What is the units digit of 1217?
7
What is the units digit of 215?
5
What is the tens digit of 3041?
4
What is the hundreds digit of 39787?
7
What is the ten thousands digit of 16886?
1
What is the units digit of 7136?
6
What is the thousands digit of 10011?
0
What is the units digit of 2803?
3
What is the ten thousands digit of 11262?
1
What is the tens digit of 300?
0
What is the hundreds digit of 6127?
1
What is the tens digit of 1270?
7
What is the hundreds digit of 900?
9
What is the units digit of 911?
1
What is the units digit of 14120?
0
What is the hundreds digit of 38146?
1
What is the units digit of 95?
5
What is the thousands digit of 8630?
8
What is the tens digit of 11857?
5
What is the hundreds digit of 85869?
8
What is the tens digit of 13893?
9
What is the thousands digit of 24031?
4
What is the units digit of 57017?
7
What is the tens digit of 7217?
1
What is the thousands digit of 7593?
7
What is the units digit of 349?
9
What is the ten thousands digit of 46191?
4
What is the thousands digit of 3619?
3
What is the tens digit of 19097?
9
What is the units digit of 7784?
4
What is the thousands digit of 28909?
8
What is the hundreds digit of 58421?
4
What is the tens digit of 714?
1
What is the thousands digit of 9881?
9
What is the units digit of 5863?
3
What is the ten thousands digit of 45215?
4
What is the hundreds digit of 15885?
8
What is the units digit of 2309?
9
What is the hundreds digit of 3040?
0
What is the hundreds digit of 2201?
2
What is the units digit of 4304?
4
What is the tens digit of 1439?
3
What is the thousands digit of 7335?
7
What is the tens digit of 19371?
7
What is the units digit of 2261?
1
What is the tens digit of 15059?
5
What is the units digit of 4762?
2
What is the hundreds digit of 20511?
5
What is the tens digit of 13162?
6
What is the thousands digit of 6449?
6
What is the hundreds digit of 482?
4
What is the hundreds digit of 108?
1
What is the hundreds digit of 969?
9
What is the thousands digit of 12379?
2
What is the hundreds digit of 382?
3
What is the tens digi